ens digit of 745277113?
1
What is the thousands digit of 12139388?
9
What is the hundred millions digit of 6859198646?
8
What is the millions digit of 3196667876?
6
What is the ten millions digit of 541096892?
4
What is the ten thousands digit of 151446389?
4
What is the thousands digit of 1713536067?
6
What is the ten millions digit of 63072420?
6
What is the hundred thousands digit of 82880674?
8
What is the millions digit of 968167227?
8
What is the tens digit of 7444189383?
8
What is the ten millions digit of 158421831?
5
What is the billions digit of 3785946185?
3
What is the thousands digit of 25477703?
7
What is the hundred thousands digit of 3274932377?
9
What is the tens digit of 5026790036?
3
What is the ten thousands digit of 340381243?
8
What is the millions digit of 5474893311?
4
What is the tens digit of 30703598?
9
What is the hundreds digit of 1308163384?
3
What is the units digit of 43258143?
3
What is the units digit of 7509244757?
7
What is the tens digit of 86925525?
2
What is the hundred millions digit of 289060360?
2
What is the units digit of 41331350?
0
What is the thousands digit of 1255915795?
5
What is the hundreds digit of 143578026?
0
What is the hundred thousands digit of 202891397?
8
What is the units digit of 8409527?
7
What is the ten thousands digit of 101809954?
0
What is the ten thousands digit of 126923787?
2
What is the millions digit of 1668283?
1
What is the hundred thousands digit of 894597204?
5
What is the tens digit of 451037313?
1
What is the ten thousands digit of 184905619?
0
What is the millions digit of 171759802?
1
What is the hundred millions digit of 149613844?
1
What is the units digit of 80081276?
6
What is the ten thousands digit of 123477838?
7
What is the billions digit of 7790214682?
7
What is the hundred millions digit of 1303021569?
3
What is the thousands digit of 58334363?
4
What is the thousands digit of 268611276?
1
What is the thousands digit of 72069277?
9
What is the units digit of 1997049778?
8
What is the thousands digit of 238812253?
2
What is the hundreds digit of 3233247793?
7
What is the thousands digit of 133947833?
7
What is the hundred thousands digit of 91311786?
3
What is the hundred millions digit of 226309285?
2
What is the millions digit of 1361114126?
1
What is the tens digit of 453192240?
4
What is the tens digit of 37262938?
3
What is the thousands digit of 118225840?
5
What is the hundreds digit of 543599286?
2
What is the ten thousands digit of 242212038?
1
What is the units digit of 677903659?
9
What is the thousands digit of 17518458?
8
What is the hundreds digit of 117134339?
3
What is the millions digit of 95911079?
5
What is the hundreds digit of 10826884?
8
What is the units digit of 431074792?
2
What is the ten thousands digit of 50691611?
9
What is the thousands digit of 38055384?
5
What is the ten millions digit of 516607408?
1
What is the units digit of 13562640?
0
What is the ten thousands digit of 166349647?
4
What is the thousands digit of 10577578?
7
What is the hundred millions digit of 6092315696?
0
What is the millions digit of 186362503?
6
What is the units digit of 4678145?
5
What is the hundreds digit of 176364350?
3
What is the millions digit of 49603236?
9
What is the millions digit of 487260410?
7
What is the ten millions digit of 534519229?
3
What is the thousands digit of 1819253541?
3
What is the tens digit of 31514606?
0
What is the hundred millions digit of 395740207?
3
What is the ten millions digit of 31142186?
3
What is the units digit of 134130771?
1
What is the ten millions digit of 1696657648?
9
What is the ten thousands digit of 1622943712?
4
What is the billions digit of 3178748305?
3
What is the units digit of 117981428?
8
What is the units digit of 20169712?
2
What is the tens digit of 1870676962?
6
What is the ten thousands digit of 4239313118?
1
What is the thousands digit of 810790724?
0
What is the hundreds digit of 5759028109?
1
What is the ten millions digit of 476772843?
7
What is the millions digit of 56742012?
6
What is the thousands digit of 3781022821?
2
What is the tens digit of 40287742?
4
What is the tens digit of 63770479?
7
What is the tens digit of 54255417?
1
What is the thousands digit of 5316729640?
9
What is the hundreds digit of 53409257?
2
What is the tens digit of 151308477?
7
What is the ten thousands digit of 15503751?
0
What is the ten millions digit of 78256090?
7
What is the ten millions digit of 254468562?
5
What is the millions digit of 191713884?
1
What is the billions digit of 4555474083?
4
What is the hundreds digit of 19538894?
8
What is the hundred thousands digit of 6621750?
6
What is the tens digit of 306876077?
7
What is the hundred thousands digit of 26051878?
0
What is the ten thousands digit of 960018510?
1
What is the thousands digit of 97616925?
6
What is the hundreds digit of 2736648562?
5
What is the millions digit of 40598913?
0
What is the hundreds digit of 58688821?
8
What is the tens digit of 170821271?
7
What is the hundred thousands digit of 1594930367?
9
What is the billions digit of 1188165681?
1
What is the units digit of 346833054?
4
What is the ten thousands digit of 284333071?
3
What is the thousands digit of 17312467?
2
What is the hundreds digit of 16021384?
3
What is the ten millions digit of 700102569?
0
What is the millions digit of 84494064?
4
What is the hundreds digit of 30332546?
5
What is the millions digit of 25214849?
5
What is the ten millions digit of 1420607894?
2
What is the millions digit of 108391068?
8
What is the millions digit of 271839197?
1
What is the hundreds digit of 420813801?
8
What is the hundreds digit of 44764516?
5
What is the hundred thousands digit of 18963155?
9
What is the units digit of 5479978767?
7
What is the millions digit of 242918886?
2
What is the millions digit of 3956234?
3
What is the ten millions digit of 101731054?
0
What is the hundred millions digit of 1224980988?
2
What is the tens digit of 2048540208?
0
What is the tens digit of 201879477?
7
What is the hundred thousands digit of 1513213103?
2
What is the ten millions digit of 342003568?
4
What is the ten thousands digit of 49114047?
1
What is the units digit of 345406559?
9
What is the tens digit of 39278013?
1
What is the hundred millions digit of 442838588?
4
What is the hundred thousands digit of 41279934?
2
What is the billions digit of 3816365071?
3
What is the billions digit of 1289549128?
1
What is the hundreds digit of 281231058?
0
What is the hundred millions digit of 268282743?
2
What is the thousands digit of 177571489?
1
What is the thousands digit of 2246362490?
2
What is the hundred thousands digit of 2664098242?
0
What is the hundred millions digit of 3902033747?
9
What is the hundred millions digit of 100159269?
1
What is the ten thousands digit of 57935087?
3
What is the millions digit of 1022200045?
2
What is the millions digit of 59902009?
9
What is the thousands digit of 856611868?
1
What is the thousands digit of 66735942?
5
What is the tens digit of 265458006?
0
What is the hundred thousands digit of 24710157?
7
What is the millions digit of 8952045430?
2
What is the hundred thousands digit of 91751822?
7
What is the ten thousands digit of 37413951?
1
What is the millions digit of 10854804?
0
What is the hundreds digit of 19035786?
7
What is the hundred thousands digit of 298871034?
8
What is the ten thousands digit of 85044629?
4
What is the ten thousands digit of 30074033?
7
What is the ten millions digit of 11544129?
1
What is the thousands digit of 3855969751?
9
What is the tens digit of 56072668?
6
What is the ten thousands digit of 426859184?
5
What is the hundred millions digit of 3615973085?
6
What is the hundred thousands digit of 20177949?
1
What is the thousands digit of 53088716?
8
What is the millions digit of 10285828?
0
What is the thousands digit of 6713885829?
5
What is the tens digit of 49185044?
4
What is the thousands digit of 42080458?
0
What is the ten thousands digit of 6411552664?
5
What is the billions digit of 2846897345?
2
What is the hundred millions digit of 157006470?
1
What is the ten millions digit of 5572763533?
7
What is the hundreds digit of 57925072?
0
What is the millions digit of 65633958?
5
What i